{"id":1240,"date":"2020-10-27T19:04:31","date_gmt":"2020-10-27T19:04:31","guid":{"rendered":"http:\/\/grundschule-etzbach.de\/?page_id=1240"},"modified":"2025-12-01T17:12:31","modified_gmt":"2025-12-01T17:12:31","slug":"fsj-an-der-gs-etzbach","status":"publish","type":"page","link":"https:\/\/grundschule-etzbach.de\/?page_id=1240","title":{"rendered":"FSJ an der GS Etzbach"},"content":{"rendered":"\n<p class=\"has-black-color has-text-color has-background\" style=\"background-color:#12abed\">In diesem Schuljahr arbeitet Julia Kn\u00f6chel als FSJlerin an unsrer Schule.<\/p>\n\n\n\n<p><\/p>\n\n\n\n<p class=\"has-brown-color has-text-color has-background\" style=\"background-color:#12b2ed\">Im n\u00e4chsten Schuljahr ben\u00f6tigen wir wieder Unterst\u00fctzung durch eine\/n oder mehrere FSJler, die uns unter anderem bei der Planung und Organisation der Ganztagsschule unterst\u00fctzen.<\/p>\n\n\n\n<p class=\"has-brown-color has-text-color has-background\" style=\"background-color:#12b2ed\">Sie sind interessiert? Hier geht es zur Bewerbung:<\/p>\n\n\n\n<figure class=\"wp-block-image size-large\"><a href=\"https:\/\/www.fsj-ganztagsschule.de\/\"><img loading=\"lazy\" decoding=\"async\" width=\"574\" height=\"94\" src=\"https:\/\/grundschule-etzbach.de\/wp-content\/uploads\/2020\/10\/FSJ_Ganztagsschule_Logo.jpg\" alt=\"\" class=\"wp-image-1244\" srcset=\"https:\/\/grundschule-etzbach.de\/wp-content\/uploads\/2020\/10\/FSJ_Ganztagsschule_Logo.jpg 574w, https:\/\/grundschule-etzbach.de\/wp-content\/uploads\/2020\/10\/FSJ_Ganztagsschule_Logo-300x49.jpg 300w\" sizes=\"auto, (max-width: 574px) 100vw, 574px\" \/><\/a><\/figure>\n\n\n\n<p><\/p>\n","protected":false},"excerpt":{"rendered":"<p>In diesem Schuljahr arbeitet Julia Kn\u00f6chel als FSJlerin an unsrer Schule. Im n\u00e4chsten Schuljahr ben\u00f6tigen wir wieder Unterst\u00fctzung durch eine\/n oder mehrere FSJler, die uns unter anderem bei der Planung und Organisation der Ganztagsschule unterst\u00fctzen. Sie sind interessiert? Hier geht [&hellip;]<\/p>\n","protected":false},"author":1,"featured_media":0,"parent":5,"menu_order":0,"comment_status":"closed","ping_status":"closed","template":"","meta":{"ngg_post_thumbnail":0,"footnotes":""},"class_list":["post-1240","page","type-page","status-publish","hentry"],"_links":{"self":[{"href":"https:\/\/grundschule-etzbach.de\/index.php?rest_route=\/wp\/v2\/pages\/1240","targetHints":{"allow":["GET"]}}],"collection":[{"href":"https:\/\/grundschule-etzbach.de\/index.php?rest_route=\/wp\/v2\/pages"}],"about":[{"href":"https:\/\/grundschule-etzbach.de\/index.php?rest_route=\/wp\/v2\/types\/page"}],"author":[{"embeddable":true,"href":"https:\/\/grundschule-etzbach.de\/index.php?rest_route=\/wp\/v2\/users\/1"}],"replies":[{"embeddable":true,"href":"https:\/\/grundschule-etzbach.de\/index.php?rest_route=%2Fwp%2Fv2%2Fcomments&post=1240"}],"version-history":[{"count":9,"href":"https:\/\/grundschule-etzbach.de\/index.php?rest_route=\/wp\/v2\/pages\/1240\/revisions"}],"predecessor-version":[{"id":2484,"href":"https:\/\/grundschule-etzbach.de\/index.php?rest_route=\/wp\/v2\/pages\/1240\/revisions\/2484"}],"up":[{"embeddable":true,"href":"https:\/\/grundschule-etzbach.de\/index.php?rest_route=\/wp\/v2\/pages\/5"}],"wp:attachment":[{"href":"https:\/\/grundschule-etzbach.de\/index.php?rest_route=%2Fwp%2Fv2%2Fmedia&parent=1240"}],"curies":[{"name":"wp","href":"https:\/\/api.w.org\/{rel}","templated":true}]}}